 of 34567 and 13.
13
What is the highest common divisor of 11 and 5093?
11
What is the greatest common factor of 1659 and 21?
21
Calculate the highest common divisor of 4017 and 13.
13
What is the greatest common divisor of 312 and 416?
104
What is the highest common divisor of 10489 and 85?
17
What is the highest common divisor of 10 and 5290?
10
What is the greatest common factor of 18 and 882?
18
Calculate the greatest common divisor of 8 and 4600.
8
Calculate the greatest common divisor of 1410 and 30.
30
Calculate the highest common divisor of 30 and 1830.
30
Calculate the highest common factor of 3540 and 236.
236
Calculate the highest common divisor of 341 and 22.
11
Calculate the highest common factor of 16 and 106.
2
Calculate the greatest common factor of 75 and 600.
75
What is the highest common divisor of 70 and 28?
14
Calculate the highest common factor of 69 and 7107.
69
What is the greatest common divisor of 7 and 19?
1
What is the highest common divisor of 86 and 7138?
86
Calculate the greatest common factor of 522 and 290.
58
Calculate the highest common factor of 55 and 220.
55
Calculate the greatest common divisor of 50 and 83.
1
Calculate the greatest common factor of 1088 and 51.
17
Calculate the greatest common factor of 7 and 2541.
7
What is the highest common factor of 189 and 252?
63
Calculate the greatest common factor of 4369 and 17.
17
Calculate the greatest common divisor of 552 and 4232.
184
What is the greatest common factor of 186 and 294?
6
Calculate the greatest common factor of 69 and 69.
69
What is the greatest common divisor of 56 and 308?
28
Calculate the highest common divisor of 150 and 5.
5
Calculate the greatest common divisor of 17512 and 88.
88
Calculate the greatest common divisor of 34 and 918.
34
What is the greatest common factor of 272 and 34?
34
What is the highest common factor of 110 and 66?
22
Calculate the greatest common divisor of 76 and 38.
38
What is the highest common factor of 100 and 325?
25
What is the highest common factor of 725 and 87?
29
Calculate the highest common factor of 133 and 2.
1
What is the greatest common factor of 286 and 14?
2
What is the greatest common factor of 1960 and 2646?
98
Calculate the highest common factor of 18 and 1512.
18
Calculate the greatest common factor of 12 and 42.
6
Calculate the greatest common factor of 1372 and 140.
28
Calculate the highest common factor of 931 and 1323.
49
Calculate the highest common factor of 9457 and 49.
49
Calculate the highest common factor of 276 and 1012.
92
What is the highest common factor of 23 and 184?
23
Calculate the highest common divisor of 896 and 784.
112
Calculate the greatest common factor of 448 and 98.
14
What is the highest common divisor of 117 and 5?
1
Calculate the greatest common divisor of 285 and 1665.
15
What is the greatest common factor of 10 and 10?
10
Calculate the highest common divisor of 264 and 396.
132
What is the greatest common factor of 267 and 3?
3
What is the greatest common factor of 12 and 76?
4
Calculate the greatest common divisor of 99 and 297.
99
What is the highest common divisor of 40 and 305?
5
What is the highest common factor of 183 and 11163?
183
What is the highest common divisor of 420 and 2268?
84
Calculate the greatest common divisor of 16 and 56.
8
Calculate the highest common divisor of 48 and 2796.
12
Calculate the greatest common divisor of 468 and 6201.
117
What is the highest common factor of 1071 and 238?
119
Calculate the highest common divisor of 1455 and 30.
15
What is the highest common divisor of 18 and 666?
18
What is the highest common factor of 60 and 270?
30
What is the highest common factor of 400 and 725?
25
What is the highest common factor of 12 and 108?
12
What is the greatest common divisor of 15 and 33765?
15
What is the greatest common divisor of 1053 and 324?
81
What is the greatest common factor of 6760 and 160?
40
Calculate the highest common divisor of 6120 and 119.
17
What is the highest common factor of 14 and 70?
14
What is the greatest common divisor of 4 and 1996?
4
What is the highest common divisor of 12 and 6?
6
What is the highest common factor of 1073 and 74?
37
What is the greatest common factor of 49 and 50519?
49
Calculate the highest common factor of 1978 and 4.
2
Calculate the highest common factor of 1675 and 225.
25
What is the highest common divisor of 37 and 74?
37
What is the highest common factor of 37 and 370?
37
Calculate the greatest common divisor of 25187 and 89.
89
What is the greatest common factor of 211 and 66043?
211
Calculate the greatest common factor of 186 and 2356.
62
Calculate the highest common divisor of 485 and 582.
97
What is the highest common divisor of 460 and 80?
20
Calculate the greatest common divisor of 130 and 320.
10
Calculate the greatest common factor of 1088 and 153.
17
What is the highest common factor of 150 and 15?
15
What is the highest common factor of 762 and 12?
6
Calculate the greatest common factor of 36 and 36.
36
What is the greatest common divisor of 58 and 1566?
58
What is the highest common divisor of 8640 and 128?
64
Calculate the highest common divisor of 179 and 1.
1
Calculate the greatest common divisor of 2410 and 10.
10
What is the highest common divisor of 138 and 6?
6
Calculate the highest common divisor of 40 and 2960.
40
What is the greatest common divisor of 11387 and 59?
59
Calculate the greatest common factor of 602 and 86.
86
Calculate the greatest common divisor of 156 and 12.
12
Calculate the greatest common factor of 9 and 261.
9
Calculate the highest common divisor of 11050 and 340.
170
Calculate the highest common factor of 4114 and 121.
121
Calculate the greatest common divisor of 223 and 13603.
223
What is the greatest common factor of 789 and 8153?
263
What is the greatest common factor of 77 and 88?
11
Calculate the highest common factor of 2508 and 399.
57
Calculate the highest common factor of 2204 and 232.
116
Calculate the highest common factor of 624 and 39.
39
Calculate the highest common factor of 360 and 1.
1
What is the highest common divisor of 2272 and 2130?
142
What is the greatest common factor of 28 and 2744?
28
Calculate the highest common divisor of 539 and 231.
77
Calculate the greatest common divisor of 29146 and 118.
118
Calculate the highest common factor of 550 and 44.
22
Calculate the highest common factor of 188 and 329.
47
What is the greatest common factor of 102 and 12?
6
What is the highest common factor of 3842 and 339?
113
What is the highest common divisor of 84 and 231?
21
Calculate the highest common divisor of 192 and 24.
24
Calculate the highest common factor of 308 and 1287.
11
What is the greatest common divisor of 146 and 4745?
73
What is the highest common divisor of 364 and 62426?
182
What is the greatest common factor of 4082 and 157?
157
Calculate the highest common factor of 36189 and 27.
9
Calculate the greatest common factor of 6 and 10.
2
Calculate the greatest common factor of 2 and 6.
2
Calculate the greatest common factor of 13 and 101.
1
Calculate the greatest common factor of 3754 and 2.
2
What is the greatest common divisor of 3776 and 400?
16
Calculate the highest common divisor of 84 and 476.
28
What is the highest common divisor of 5736 and 72?
24
Calculate the highest common factor of 27 and 72.
9
What is the greatest common divisor of 15614 and 148?
74
Calculate the greatest common divisor of 20 and 210.
10
What is the highest common factor of 860 and 20?
20
Calculate the highest common factor of 8382 and 594.
66
Calculate the highest common divisor of 95 and 355.
5
What is the greatest common factor of 152 and 570?
38
Calculate the greatest common divisor of 36 and 828.
36
What is the greatest common divisor of 1251 and 18?
9
What is the greatest common divisor of 504 and 1617?
21
What is the greatest common factor of 48 and 32?
16
Calculate the greatest common factor of 275 and 390.
5
What is the highest common divisor of 1296 and 896?
16
Calculate the highest common divisor of 405 and 60.
15
Calculate the greatest common factor of 304 and 95.
19
What is the greatest common divisor of 196 and 2114?
14
Calculate the highest common divisor of 976 and 64.
16
What is the highest common diviso